54166
What is -5ece (base 16) in base 10?
-24270
What is -5a62 (base 16) in base 11?
-16425
Convert 7bc8 (base 15) to base 4.
12122300
Convert 3346 (base 11) to base 12.
2672
What is -12619 (base 10) in base 16?
-314b
1111101101000 (base 2) to base 4
1331220
Convert -105 (base 8) to base 12.
-59
-ab (base 15) to base 7
-320
Convert -172 (base 15) to base 3.
-110022
What is 22e5 (base 15) in base 3?
101011122
What is -2249 (base 15) in base 14?
-2913
What is -28676 (base 9) in base 12?
-b359
What is -114141 (base 6) in base 16?
-270d
What is 4820 (base 10) in base 6?
34152
2552 (base 6) to base 11
536
Convert 31403 (base 5) to base 15.
953
Convert 101b6 (base 13) to base 15.
8854
-130402 (base 5) to base 10
-5102
15221 (base 6) to base 5
34321
Convert 1310 (base 9) to base 10.
981
What is 1271 (base 10) in base 7?
3464
Convert 54645 (base 7) to base 11.
a329
1002022 (base 3) to base 14
407
What is 1b8b (base 13) in base 6?
31151
What is -9b (base 15) in base 14?
-a6
Convert a814 (base 11) to base 7.
56446
-12000 (base 3) to base 9
-160
Convert -11ba1 (base 12) to base 15.
-7264
Convert 3784 (base 13) to base 9.
11727
What is 13104 (base 5) in base 12?
719
Convert 3120 (base 5) to base 2.
110011010
What is 172 (base 12) in base 7?
446
What is -2a4 (base 16) in base 10?
-676
33564 (base 10) to base 4
20030130
What is -4c7a (base 14) in base 9?
-20378
What is -230545 (base 8) in base 9?
-128217
-898 (base 10) to base 9
-1207
84 (base 10) to base 8
124
Convert -305 (base 7) to base 16.
-98
34534 (base 6) to base 13
2341
144c (base 15) to base 13
1c95
Convert 402103 (base 5) to base 10.
12778
-1450 (base 6) to base 9
-473
What is -1200222 (base 3) in base 16?
-4d9
Convert 16103 (base 8) to base 6.
53255
What is 12035 (base 7) in base 14?
11c5
What is -323510 (base 6) in base 15?
-7dd9
468 (base 15) to base 9
1328
Convert 1602 (base 12) to base 7.
10364
What is -11210012 (base 3) in base 8?
-6640
Convert 100100110111 (base 2) to base 13.
10c6
-104432 (base 5) to base 9
-5117
Convert 9d60 (base 15) to base 10.
33390
What is -1128 (base 11) in base 2?
-10111001010
Convert -40134 (base 6) to base 11.
-3a36
What is -5925 (base 10) in base 16?
-1725
What is 707 (base 9) in base 8?
1076
-133 (base 6) to base 15
-3c
What is 26124 (base 7) in base 16?
1b0f
What is 10111100010 (base 2) in base 8?
2742
Convert -10011101001001 (base 2) to base 8.
-23511
What is 206563 (base 7) in base 15?
a9c7
-122103 (base 6) to base 12
-6333
What is -4020 (base 5) in base 2?
-111111110
-40e (base 15) to base 12
-642
What is 781 (base 14) in base 2?
10111001101
-1000000101 (base 2) to base 8
-1005
Convert 105 (base 8) to base 6.
153
1201200221 (base 3) to base 13
1265b
Convert -1551 (base 14) to base 2.
-111011010011
Convert abf (base 16) to base 10.
2751
Convert -1857 (base 10) to base 14.
-969
What is -100110111011011 (base 2) in base 12?
-b64b
Convert 1d6 (base 16) to base 8.
726
-1343 (base 8) to base 16
-2e3
24010 (base 7) to base 9
8427
What is 100100001011 (base 2) in base 14?
bb5
2025 (base 6) to base 11
379
What is 3583 (base 11) in base 2?
1001001010001
-2443 (base 6) to base 10
-603
Convert 100111110011 (base 2) to base 14.
cdd
What is 20010 (base 4) in base 10?
516
What is 400 (base 11) in base 12?
344
What is -40414 (base 5) in base 12?
-1615
Convert -31021 (base 4) to base 8.
-1511
Convert -a9a (base 11) to base 6.
-10035
Convert -15452 (base 6) to base 2.
-100111111000
What is 955 (base 16) in base 4?
211111
2043214 (base 5) to base 2
1000010110001000
What is 4123 (base 8) in base 16?
853
What is 3053 (base 6) in base 11?
56a
What is -3345 (base 6) in base 3?
-1002002
55771 (base 8) to base 6
301001
-9d23 (base 14) to base 7
-142343
What is -15949 (base 13) in base 16?
-a0a8
What is -10001101 (base 3) in base 8?
-4260
What is 238 (base 14) in base 15?
1e7
Convert 111101110101110 (base 2) to base 4.
13232232
What is -1275 (base 8) in base 16?
-2bd
What is 104143 (base 6) in base 4?
2013333
What is 96 (base 13) in base 3?
11120
What is 1001000000000 (base 2) in base 16?
1200
2133 (base 4) to base 12
113
4e (base 15) to base 11
68
What is -598 (base 14) in base 4?
-101122
What is 255 (base 7) in base 6?
350
-489a2 (base 11) to base 12
-348b9
Convert 110010010 (base 2) to base 8.
622
Convert -a95 (base 14) to base 7.
-6045
-259a2 (base 11) to base 8
-110422
Convert -303322 (base 4) to base 13.
-1687
-10 (base 2) to base 13
-2
Convert 112424 (base 5) to base 6.
31014
What is -3804 (base 10) in base 3?
-12012220
What is 2711 (base 8) in base 4?
113021
Convert 3536 (base 7) to base 9.
1705
What is -6619 (base 11) in base 6?
-104232
133301 (base 4) to base 13
c05
What is 13507 (base 15) in base 4?
33012322
-2045 (base 6) to base 3
-122002
1111010 (base 4) to base 12
3198
Convert 10002 (base 3) to base 12.
6b
Convert -1110011001110 (base 2) to base 10.
-7374
-110001010 (base 2) to base 5
-3034
What is 32885 (base 10) in base 6?
412125
Convert -44d (base 14) to base 13.
-508
3546 (base 8) to base 12
111a
What is -b8c (base 16) in base 2?
-101110001100
What is 1bba (base 12) in base 6?
23554
-2bc (base 14) to base 15
-273
-a88 (base 12) to base 13
-91a
What is 4423 (base 5) in base 11?
508
Convert -234215 (base 6) to base 2.
-100111110100011
529 (base 15) to base 11
969
Convert 7c3 (base 14) to base 8.
3007
24130 (base 6) to base 15
1090
1120211122 (base 3) to base 8
74775
What is -124321 (base 5) in base 15?
-170b
947 (base 14) to base 12
1083
750 (base 8) to base 4
13220
6644 (base 10) to base 11
4aa0
Convert -100101112 (base 3) to base 4.
-1222331
Convert -155 (base 6) to base 8.
-107
1238 (base 16) to base 5
122124
-1b00 (base 12) to base 10
-3312
222220102 (base 3) to base 14
720d
Convert -23020 (base 5) to base 6.
-11323
51660 (base 7) to base 10
12684
Convert -2073 (base 16) to base 11.
-6272
What is 4095 (base 16) in base 9?
24610
What is 140182 (base 9) in base 16?
14dc8
Convert -1 (base 14) to base 6.
-1
Convert -705 (base 9) to base 11.
-480
-1162 (base 7) to base 8
-664
Convert 42a17 (base 11) to base 6.
1201050
What is 1112214 (base 6) in base 5?
3244432
What is 4524 (base 8) in base 16?
954
What is -31243 (base 7) in base 14?
-2b23
2971 (base 10) to base 14
1123
-10279 (base 13) to base 2
-111000101000111
What is -4710 (base 8) in base 11?
-1977
Convert -344150 (base 6) to base 12.
-15056
Convert 709 (base 11) to base 7.
2332
Convert -511 (base 14) to base 7.
-2621
Convert 11333 (base 5) to base 16.
34b
4444 (base 9) to base 3
11111111
-645 (base 9) to base 14
-299
156 (base 9) to base 10
132
Convert 145252 (base 6) to base 12.
8228
What is -6a48 (base 11) in base 9?
-13615
Convert 605a (base 15) to base 12.
b927
What is -3543 (base 7) in base 8?
-2431
Convert -52071 (base 11) to base 5.
-4412240
What is -124d (base 16) in base 5?
-122220
-2534 (base 6) to base 14
-334
Convert 1224 (base 9) to base 15.
40d
1245 (base 16) to base 12
2859
Convert -110110100101 (base 2) to base 6.
-24101
Convert -10150 (base 6) to base 2.
-10101010010
111100011 (base 2) to base 15
223
-44e2 (base 15) to base 3
-202001012
Convert -351225 (base 6) to base 15.
-8dc8
What is -3b5 (base 14) in base 15?
-34c
Convert 8068 (base 10) to base 5.
224233
Convert 111000001100 (base 2) to base 3.
11221012
Convert -3a22 (base 11) to base 7.
-21145
Convert 1137 (base 14) to base 15.
d44
What is -3565 (base 8) in base 7?
-5365
-1473 (base 10) to base 7
-4203
-632 (base 9) to base 16
-203
What is -18330 (base 9) in base 7?
-51630
What is -62b (base 14) in base 2?
-10010111111
What is 14b1 (base 13) in base 7?
11540
1100101001110101 (base 2) to base 6
1035541
-214122 (base 5) to base 16
-1cf4
Convert -148 (base 13) to base 3.
-22111
-423 (base 6) to base 3
-12220
Convert -4303 (base 7) to base 13.
-901
a935 (base 15) to base 12
18895
Convert d5f (base 16) to base 7.
12660
Convert 20888 (base 10) to base 15.
62c8
What is 10221 (base 3) in base 12?
8a
2487 (base 11) to base 10
3241
Convert -231215 (base 6) to base 14.
-729d
Convert -1021000 (base 3) to base 5.
-12133
What is -22234 (base 6) in base 7?
-12043
What is 6256 (base 14) in base 6?
210220
11 (base 3) to base 16
4
11011100 (base 2) to base 10
220
Convert -1500 (base 6) to base 14.
-204
What is -11010001011010 (base 2) in base 5?
-41210